 5*r + 5 - 20. Calculate the remainder when 85/r - 6/(-9) is divided by 16.
13
Let t(p) = -p**2 - 10*p - 1. Let i be t(-11). Let k be 1265/15 + 4/i. Let v = 144 - k. What is the remainder when v is divided by 16?
12
Let y be (-4)/10 + (-12)/(-30). Suppose -j + 2 - 30 = y. Let m = 49 + j. What is the remainder when m is divided by 6?
3
Calculate the remainder when 185 is divided by 7 + 1*(1 + (3 - 0)).
9
Suppose i - 85 = -5*z, 2*z - 5*i = -8*i + 47. Calculate the remainder when 73 is divided by z.
9
What is the remainder when (100 + -35)*(7 - 0) is divided by 24?
23
Calculate the remainder when (-2)/9 + 1 + (-7280)/(-117) is divided by (-8)/(-16) - 62/(-4).
15
Let g = -392 - -397. Suppose 2*f - 4*f + 6 = n, -3*n + 12 = 3*f. What is the remainder when g is divided by f?
1
Let f(m) = m**3 - 3*m**2 - 1. Let q be f(3). Calculate the remainder when 89 is divided by 348/15 - q/(-5).
20
Suppose p - 50 = -p. What is the remainder when (149/(-3))/(-1*2/6) is divided by p?
24
Let z = 39 + -140. Let r = z - -114. Calculate the remainder when 114 is divided by r.
10
Let o(s) = 11*s + 8. Let r be o(7). Suppose t + 2*k - r = 0, -k = 4*t - 0*k - 312. Suppose -8*l + 11 + 117 = 0. What is the remainder when t is divided by l?
13
Let v = 435 + -429. What is the remainder when 29 is divided by v?
5
What is the remainder when 79 is divided by (24/(-28))/(50/(-3675))?
16
Calculate the remainder when (0 - 33/(-6))*2 is divided by 11.
0
Suppose 0 = -33*m + 16*m + 153. Let k(v) = v**2 + 7. Calculate the remainder when k(-6) is divided by m.
7
Let o = -347 + 383. Calculate the remainder when 133 is divided by o.
25
Let m(k) = 9*k**2 - 15*k + 94. What is the remainder when m(6) is divided by 33?
31
Let w = 73 + -48. What is the remainder when (-6)/(-4)*((-105)/(-3) + -5) is divided by w?
20
Let v(p) = -p**3 - p + 52. Let w be (-1)/2 - 7/(-14). What is the remainder when v(w) is divided by 14?
10
Let p(j) = -2*j + 49. Let a be p(17). Suppose 0 = -17*b + a*b + 150. Let f = 17 + 2. Calculate the remainder when b is divided by f.
18
Suppose -w - 11 = -38. Suppose 2*m + m + 5*r - 26 = 0, 2*r + 4 = 0. What is the remainder when 4*(1 - w/(-6)) is divided by m?
10
Let t(n) = -n**3 - 2*n**2 - 3*n + 3. Let o be t(2). Let u = -12 - o. What is the remainder when 8 is divided by u?
1
Suppose o + 25 = x + 2*o, 5*o + 43 = x. What is the remainder when 83 is divided by x?
27
Suppose 12*i = 14*i - 102. Let o = i - 34. What is the remainder when 33 is divided by o?
16
Let y(f) = -23*f**3 + 4*f + 3. What is the remainder when y(-1) is divided by 12?
10
Let g = -120 - -171. Let d be 927/6 - (-4 + 65/10). Suppose -l = -4*m + d, 0 = 3*m + 5*l - g - 40. What is the remainder when m is divided by 19?
18
Let m(u) be the third derivative of 0 + 0*u - 8*u**2 - 1/3*u**3 - 1/120*u**6 - 7/60*u**5 - 5/24*u**4. What is the remainder when 97 is divided by m(-7)?
31
Suppose 2*x + 4 = -y + 41, -4*x - 4*y + 84 = 0. Suppose -4*o = -2*r + 4, -3*r + 2 = -5*o - 2. What is the remainder when 8/x + (-181)/o is divided by 23?
22
Suppose 4*k - 5*k = -71. What is the remainder when k is divided by 16/(-88) - (-1)/((-22)/(-422))?
14
Let q be 6*(1/(-2))/(-1). Suppose 6*w - 42 = q*w. What is the remainder when 9/(-6)*(-52)/3 is divided by w?
12
Let f(x) = 12*x - 1. Let t(o) = -2*o - 2*o + 60 + 2*o. Calculate the remainder when f(2) is divided by t(23).
9
Suppose t - 2 = 1. Let b be (6/(-2) + t)/(-2). What is the remainder when 41 - (b - 3/(-1)) is divided by 13?
12
Let m(q) = 3*q - 8. Let k = 51 - 40. Calculate the remainder when 98 is divided by m(k).
23
Let c(k) = 54*k**2 - 9*k + 3. Let j(w) = -27*w**2 + 5*w - 2. Let i(f) = 3*c(f) + 5*j(f). Calculate the remainder when i(-1) is divided by 16.
12
Calculate the remainder when 31 is divided by 116/16 + (-6)/(-8).
7
Suppose -1045 = -5*c - 15*h + 10*h, 2*c - 403 = 3*h. What is the remainder when c is divided by 21?
17
Let n = -853 - -863. What is the remainder when 39 is divided by n?
9
Let c(p) = 3*p**3 - 41*p**2 - 12*p - 17. Calculate the remainder when 142 is divided by c(14).
10
What is the remainder when 47 is divided by 28 - 22 - (1 - -3)?
1
Suppose -2*y + 9*y = -20*y + 1107. Let t = 4 + -2. Suppose 4*n + 6*f - 36 = t*f, 13 = n - f. Calculate the remainder when y is divided by n.
8
Suppose 4*f = 4*d + 548, 2*d - 524 = -5*f + f. Calculate the remainder when f is divided by 84.
49
Suppose 96 = 4*b - 2*b. What is the remainder when b is divided by (-246)/(-10) - 1/((-5)/2)?
23
Suppose 5*i = 4*i - 3*n + 26, 6 = i - n. Suppose 0 = -0*x + 3*x - q + 7, -5*x + q = i. Calculate the remainder when ((-138)/(-4))/(x/(-4)) is divided by 18.
15
Suppose z - 10*m = -13*m + 76, 2*z - 150 = -4*m. What is the remainder when z is divided by (0 - 0) + (-1 - -20)?
16
Let q = 17 - -122. What is the remainder when q is divided by 36?
31
Let i(v) = v**3 + 31*v**2 - 44*v - 263. What is the remainder when i(-32) is divided by 119?
2
Suppose -220*o = -210*o - 140. What is the remainder when 37 is divided by o?
9
Suppose -t + 4*r = -38, -5*r + 10*r + 15 = 0. Calculate the remainder when 124 is divided by t.
20
Let h(g) = -3*g**2 + 9*g + 6. Let l(m) = -4*m**2 + 9*m + 6. Let z(w) = 5*h(w) - 4*l(w). What is the remainder when 21 is divided by z(-9)?
3
Let z(o) = 8*o**2 + 2*o + 1. Let a be z(-1). Let u(q) = -q + 22. Calculate the remainder when u(a) is divided by 6.
3
Suppose 4 + 2 = 3*z. Suppose 3*u - 9 = z*u. Suppose 2 - u = -v. What is the remainder when v is divided by 5?
2
Let p(s) be the third derivative of s**4/24 + s**3/3 - 29*s**2. Calculate the remainder when 54 is divided by p(9).
10
Let a(k) = 2*k**2 - k + 4. Let s(j) = -j**2 - 20*j - 14. What is the remainder when s(-14) is divided by a(3)?
13
Let l = 3 - -3. Let f(w) = w**3 - 6*w**2 + 8*w + 2. Let m(y) = -2*y - 8. Let h be m(-6). What is the remainder when l is divided by f(h)?
0
Let u(i) = -i**3 - 8*i**2 - 4*i + 7. Suppose -3*p + y + 13 = -45, -4*y = -3*p + 43. What is the remainder when u(-8) is divided by p?
18
Let b = -194 + 245. What is the remainder when 62 is divided by b?
11
Suppose t - 8*t = -91. Calculate the remainder when t is divided by 5.
3
Let q(i) = i**3 - 14*i**2 + 48*i + 3. What is the remainder when 244 is divided by q(5)?
10
Let w(i) = -3*i**3 - 5*i**2 - 10*i - 19. Calculate the remainder when w(-3) is divided by 26.
21
Suppose 49*h - 43 = 48*h. Calculate the remainder when 180 is divided by h.
8
Suppose 29*i + 21*i = 850. Suppose -10 = -2*a + 8. Calculate the remainder when i is divided by a.
8
Let v(x) = -x + 12. Let l be v(8). Calculate the remainder when l + 5/(20/52) is divided by (0 - -1)/(1/9).
8
Suppose 2*v - 15*v = -689. Suppose 2*h = -5*k + 235, k + 34 = 2*k + 3*h. Suppose -k*d - 52 = -v*d. What is the remainder when d is divided by 8?
5
Suppose -6*a = 19*a - 300. Calculate the remainder when 57 is divided by a.
9
Let m(z) = 9*z**2 - 5*z - 6. Calculate the remainder when m(5) is divided by 40.
34
Suppose -2*d + 359 = -i - 2*i, 256 = -2*i - 2*d. Let p = -118 - i. Calculate the remainder when (-2)/4 + 98/4 is divided by p.
4
Let w be 7 - (3 - (-1 + 1)). Suppose -2*d - h = -w*d + 210, -2*d - 4*h = -210. Suppose 2*l = -l + d. What is the remainder when l is divided by 12?
11
Let a(k) = -k**3 + 6*k**2 - 9*k + 3. Let d be a(4). Calculate the remainder when d - -2 - (-27 + -6 + 4) is divided by 11.
8
Suppose o + 0 = 3. Let s = 185 + -167. Let v = s - o. Calculate the remainder when 58 is divided by v.
13
Suppose 3*b - 4*n = 14, -n = -3*b + n + 4. Let o(a) = -3*a + 2. Let y(c) = c**2 - 5*c - 3. What is the remainder when y(-3) is divided by o(b)?
5
Suppose 0 = t - 5*j - 20, 2*t - t = -5*j - 30. Let m be -27 + -2 - (t - -6). What is the remainder when 24 is divided by (-48)/(-40)*m/(-4)?
6
Suppose -4*y + 19 = -289. Suppose b + 3*t + 2*t - y = 0, 411 = 5*b - t. Calculate the remainder when b is divided by 17.
14
Let t = -822 - -878. What is the remainder when 159 is divided by t?
47
Suppose -h + 1 = -1. Let f = 51 - 48. Calculate the remainder when f is divided by h.
1
Let f = 53 + -24. Suppose 3*a + 2*c - 25 = 4*c, -f = -3*a + 4*c. Calculate the remainder when 27 is divided by a.
6
Suppose 22 = 2*i - 18. What is the remainder when 77 is divided by i?
17
Suppose y = -4*y + 10. Suppose -y = -0*o + o. What is 